(i) = -2*i - 5. Let d(c) = 3*t(c) - 8*w(c). What is d(8)?
6
Let k(b) = -2*b**2 - 4*b - 2*b + 3*b**2 + 0*b. Suppose -v + a = 0, 0 = 4*v + 2*a - 25 - 5. Determine k(v).
-5
Let p = 7 - 10. Let g(m) = -m**2 - 16*m + 3. Let n be g(-16). Let w(o) = 3 - 3*o**2 - 4*o**3 + o**3 + 4*o + 2*o**n. Determine w(p).
-9
Let i be (-2)/4 + 4/(56/(-21)). Let d(w) = -2*w**3 - 3*w**2 - 2*w - 2. What is d(i)?
6
Let v(m) = -m**2 + 4*m - 5. Suppose -2*c = -3*p - 8, 0*c + 5*c - 37 = -p. Let w be (c - 1) + 6 + -7. Calculate v(w).
-10
Let b(f) be the third derivative of -f**4/24 - f**3/3 + 17*f**2. Determine b(-6).
4
Let f(w) = 0 - 4 - 12*w + 10*w + w. Calculate f(-3).
-1
Let p(f) = f**3 + 8*f**2 + 7*f + 5. Suppose 0 = -2*y, 5*b - 2*y = -20 - 15. Determine p(b).
5
Let r(d) = d**2 + 9*d + 6. Let y be r(-8). Let p = 13 + -16. Let i be 3 + (p - y) + -7. Let s(v) = -v**3 - 5*v**2 - 4. What is s(i)?
-4
Let p(w) = w. Let c(j) = -j**2 + 7*j + 3. Let x(t) = -c(t) + 4*p(t). What is x(5)?
7
Suppose 4*m + 4*i + 8 = 0, m - 4*i + 10 = -12. Let c(j) be the third derivative of -j**6/120 - j**5/10 - j**4/24 + j**3/3 + 41*j**2. Calculate c(m).
8
Let i(l) = -l**3 - 3*l**2 + 4*l + 5. Let b = -33 + 29. Give i(b).
5
Let a(m) = -m**3 - 4*m**2 + 7*m - 1. Suppose 2*u - 4 + 14 = 0. What is a(u)?
-11
Let y(u) be the second derivative of u**4/12 + u**3/2 + u**2 + 2*u. Let c be y(-4). Suppose 4 = 5*o - c. Let a(s) = s**3 - s**2 - 2*s + 3. Calculate a(o).
3
Let i(r) = 4 + 5*r + 3*r - 11*r + 0*r. Calculate i(4).
-8
Let s(l) be the first derivative of 1/3*l**3 + 5 - 4*l - 2*l**2. What is s(4)?
-4
Let y(w) be the second derivative of -w**4/12 + 4*w**3/3 - 2*w**2 + 12*w. Determine y(8).
-4
Let p(l) = l**3 - 6*l**2 + l - 3. Let u be p(6). Let m be (0/(-2 + u))/1. Let n(z) = 0*z**2 - 2*z - z**2 - 2 + m*z. Determine n(-2).
-2
Let h(l) be the second derivative of -l**8/6720 + l**7/840 - l**6/360 - l**5/60 + l**4/4 - 3*l. Let j(t) be the third derivative of h(t). What is j(2)?
-2
Let k(u) = -3*u + 2*u**2 + 1 + 0*u**2 - 3*u**2. Let r(v) = v**2 + 10*v + 9. Let b be r(-6). Let q = b - -10. Calculate k(q).
-9
Let a(c) = 2*c**3 + 12*c**2 - 14*c + 1. Let g be a(-7). Let s(w) be the first derivative of g + w + 1/2*w**2. What is s(-5)?
-4
Let z(n) = n - 9. Let m be z(5). Let p(b) = b**2 + b - 1. Let u be p(-2). Let y(h) = -2*h - u - 2 + 5 + 4*h. Calculate y(m).
-6
Let v(f) = -3*f + 16. Let w be v(7). Let j be w - 2*3/(-6). Let l(c) = c**3 + 5*c**2 + 4*c - 2. Determine l(j).
-2
Let z(r) = 2*r - 9. Let c(y) = -y + 3. Let k(b) = 17*c(b) + 6*z(b). Suppose 2*f = -f. Suppose -t + 0 - 2 = f. Determine k(t).
7
Let f(i) = 2*i**2 - 4*i + 2. Let m be f(2). Let g(t) = 5*t**m + t + t**2 + 0*t + 1. Give g(-1).
6
Let i(j) = -j - 5. Let g(v) = -v. Let f be g(-4). Let c = 1 - -1. Suppose f*r + 10 = c*r. Determine i(r).
0
Let c(l) = 3*l**3 - 2*l + 1. Suppose m + 1 = u, 3*m + 15 = 8*m + 5*u. Calculate c(m).
2
Let j(n) = -2*n + 3. Let q = 5 - -2. Let x = 2 + q. Suppose 0 = -3*d - 3 + x. Calculate j(d).
-1
Let y = 15 - 10. Let f(v) = v**2 - 6*v + 1. Calculate f(y).
-4
Let g(l) = l - 2. Let v(x) = x**2 - x + 1. Let a(o) = g(o) - v(o). Calculate a(4).
-11
Let x(r) = -17*r - 1. Let k be (-13)/11 + (-12)/(-66). Give x(k).
16
Let p(z) = 2*z - 2*z - 2 + 3*z. Suppose -1 = -o + 6. Let k = -4 + o. Determine p(k).
7
Let w(l) = l**2 + 5*l. Let v(s) = 6*s + 1. Let o be v(-1). Determine w(o).
0
Let d(f) = f**3 - 6*f**2 - 7*f + 4. Suppose -12*h + 35 = -7*h. What is d(h)?
4
Let n(x) = -x**2 - 4*x. Suppose 16 = 2*f - f. Suppose 4*p - 5*z + 13 = 5, 4*p + z = f. Suppose p*o - 2 = -11. Give n(o).
3
Suppose 4*x - 12 = -0. Let m(q) = -3 - 2 + 5*q**2 - q**3 - x*q - q + 4. What is m(4)?
-1
Let f(k) = -2*k**2 - 15*k - 9. Let v(y) = -y**2 - 8*y - 5. Let d(p) = -4*f(p) + 7*v(p). Determine d(-3).
-2
Let a(b) = -2*b**2 + 11*b - 21. Let z(k) = k**2 - 5*k + 10. Let q(n) = -4*a(n) - 9*z(n). Suppose 2*h - 5*x = 7*h + 10, -5*x = -h + 10. Determine q(h).
-6
Let w(h) = -h - 8. Let o(g) = -g - 8. Let c(z) = -2*o(z) + 3*w(z). What is c(-6)?
-2
Let i be 573/27 - 2/9. Let m(c) = 0*c**2 + 4 + i*c + 0*c**2 - 16*c - c**2. Calculate m(5).
4
Let x(v) be the second derivative of -v**6/720 + v**5/120 - v**4/12 + 3*v. Let s(f) be the third derivative of x(f). Determine s(0).
1
Let w(t) = -t - 6. Let j be 8/(5/(-10)*2). Calculate w(j).
2
Let t(m) = -m**2 - 5*m - 1. Let b be t(-5). Let z(k) = 8*k**3 + 1. Calculate z(b).
-7
Let m(v) = -12*v - 2. Let o(y) = -2*y. Let j(r) = -m(r) + 2*o(r). Calculate j(-2).
-14
Let l be 2/2 + 9/3. Let y(o) = -o**3 + 5*o**2 - 4. Calculate y(l).
12
Let u = -10 - -12. Let z(m) = 23*m**2 + 6*m - 3. Let k(a) = 8*a**2 + 2*a - 1. Let o(x) = -17*k(x) + 6*z(x). Determine o(u).
11
Let n(v) = 8 + 1 - 27*v + 0 + 36*v + v**2. Calculate n(-7).
-5
Let q(f) = -f**3 - f**2 + f - 1. Let d(n) = -6*n**3 - 6*n**2 + 7*n - 5. Let g(w) = -d(w) + 5*q(w). What is g(2)?
8
Let w(h) = h**2 + 2*h - 6. Let j(k) = -3*k**2 - 6*k + 17. Let r(u) = 3*j(u) + 8*w(u). What is r(-4)?
-5
Suppose 5*g = -15, -8*g + 3*g = 2*n + 37. Let v(q) = q**2 + 4*q. Let i(r) = 6*r**2 + 20*r + 1. Let u(z) = n*v(z) + 2*i(z). What is u(5)?
7
Let b(v) be the first derivative of 2 + 6*v + 1/2*v**2. Calculate b(0).
6
Let k(l) be the third derivative of -l**6/120 - l**5/15 + 2*l**3/3 + 7*l**2. Calculate k(-3).
-5
Let i(s) = -s + 1. Suppose -3*c + 5 = -1. Suppose 0 = 2*h, 3 = x + 5*h - c. Suppose x*q = 3 - 13. Determine i(q).
3
Let v(g) = 11*g - g**2 + 7*g + 6 + 9*g - 19*g. Determine v(9).
-3
Suppose -3*k + k = -2. Let m(z) = z. Let o(t) = -6*t**2 + 4*t - 1. Let c(j) = 2*m(j) - o(j). Give c(k).
5
Let o = 10 - 9. Let u = 4 - o. Suppose -u*h - 3*n = n - 8, 3*n - 9 = -3*h. Let i(r) = -r**3 + 3*r**2 + 6*r - 3. What is i(h)?
5
Let n(c) = 2*c**2 - 4*c - 3. Let d(y) = y**2 - 5*y - 4. Let w(a) = 3*d(a) - 2*n(a). Calculate w(-4).
6
Let x be (-2 + 8)*(-1 - 0). Let c(p) = p**3 + 6*p**2 + 2*p + 1. Give c(x).
-11
Suppose 3*n + 5*l = -12, 0*l = -2*n + l - 21. Let c(s) = s**2 + 9*s + 1. What is c(n)?
1
Let m be 5 - (-1 - (-4 + 4)). Let b(c) be the third derivative of 1/60*c**5 - 2*c**2 - 1/24*c**4 + 0*c + 0*c**3 + 0 + 1/120*c**m. Calculate b(1).
1
Let c be 2/(-3) - (-80)/(-15). Let v(m) = -m**2 - 6*m. What is v(c)?
0
Let j(s) = 7*s**2 - 1 + s + 0 - 4*s**2 + s. Let i(d) = d**2 + d. Let n(k) = 2*i(k) - j(k). Calculate n(2).
-3
Let h(l) = -3*l**2 + 0*l**2 - 2*l - l**2 + 6*l**2. Determine h(2).
4
Let u(k) be the first derivative of k**5/60 - 5*k**4/24 + k**3/3 + 3*k**2 - 1. Let f(w) be the second derivative of u(w). Calculate f(5).
2
Suppose 0*j - j + 1 = 0. Suppose 0 = -4*g - 0 + 8. Let l(x) = -2 + 2*x + 5*x**2 + 3 - g. Give l(j).
6
Let a = 0 - 5. Let p(o) = 2*o**2 - 2*o - 19. Let x(d) = d**2 - 9. Let u(w) = 2*p(w) - 5*x(w). Calculate u(a).
2
Let q = -12 - -8. Let t be 42/q*16/24. Let f(z) = -z**2 - 4*z + 9. What is f(t)?
-12
Let z(b) = 2*b**2 - 5*b - 4. Let t be z(3). Let i(u) = -9*u**3 - u**2 + u + 1. Calculate i(t).
8
Let u(t) = -5*t + 5. Let b(d) = -d + 1 - 1 + 0*d. Let o(g) = 6*b(g) - u(g). Determine o(4).
-9
Let x(h) = -2*h + 4. Suppose 0 = -5*o + 10. Let m(n) = -n - o*n + 2*n. Let a be m(-4). What is x(a)?
-4
Let g(b) = b + 9. Suppose 0 = -2*n - m + 2*m + 47, n = m + 23. Let f be -10*3/n*4. Calculate g(f).
4
Let n(k) be the first derivative of 2*k**3 - k**2/2 + 11. Determine n(1).
5
Let b(l) be the second derivative of l**3/6 - 5*l**2/2 + l. Give b(-5).
-10
Let n(o) = -o**2 - 11*o + 3. Let q(c) = -c**2 + 14*c + 4. Let x be q(14). Let l(g) = g**2 + 12*g - 4. Let m(i) = x*n(i) + 3*l(i). What is m(-7)?
7
Suppose -t + 12 = 3*p, -5*t - 2 = -2*p - 11. Suppose j = k + 5 + 2, 0 = -5*k. Let r(n) = 2*n + 5*n - 6*n**2 - j + t*n**3 - 2*n**3. Determine r(5).
3
Let x(n) = -4 + 3 + 2 + n + 3. Calculate x(0).
4
Let w(z) = -z - 1 + 8 - 1. Suppose -5*n - k - 60 = 0, 0*n = -2*n - 3*k - 24. Let c(r) = r + 17. Let h be c(n). Give w(h).
1
Suppose -4*z + 7 = 27. Let f be 15/5*z/3. Let w(g) = -g**2 - 2*g + 6. Calculate w(f).
-9
Let a(w) be the third derivative of -1/720*w**6 + 1/24*w**5 + w**2 + 0 + 0*w + 1/24*w**4 + 0*w**3. Let i(c) be the second derivative of a(c). Calculate i(0).
5
Suppose 5*w - 30 = i, 3*w + i = 5*w - 9. Let x(m) = m**3 - 9*m**2 + 9*m + 6. Calculate x(w).
-29
Let w(f) = -f - 1. Let u(x) = 2 - 5*x + 0*x + 4*x - 4. Let s be u(0